p = 5*y - 0*p - 45. Suppose 4*i + y = -x - 0*i, -x + i + 11 = 0. What is the tens digit of s(x)?
1
Let a(k) = k**2 + k. Let u be a(-2). Suppose 358 = -0*t + u*t + b, -4*b - 8 = 0. Suppose t = 4*j + j. What is the tens digit of j?
3
Let r be ((-12)/10)/((-30)/75). Suppose 3*n = -r*z + 45, 5*z - 5*n - 5 = 20. What is the tens digit of z?
1
Suppose 2*d - 723 = 1001. What is the tens digit of d?
6
Let g be (16/40)/(2/60). Let z be (4/g)/((-2)/6). What is the units digit of 1/(z + 2)*19?
9
Let g(n) = 69*n - 2. Let b = 2 + -1. What is the units digit of g(b)?
7
Let d be (-31)/(-4) - (5 - (-42)/(-8)). Suppose 104 + 40 = d*l. What is the units digit of l?
8
Let u(w) be the second derivative of -11*w**5/10 - w**4/6 + w**3/6 - 4*w. What is the tens digit of u(-2)?
6
Let y = 9218 - 5088. What is the units digit of y?
0
Suppose -3*b + 28 = 4*s, 0 = -s + 7*b - 2*b - 16. Suppose -900 = -5*i + 5*k, 0 = 7*i - 3*i + s*k - 736. What is the tens digit of i?
8
Suppose -34*t + 22*t = -11796. What is the tens digit of t?
8
Let z(i) = 8*i**2 - 21*i - 17. What is the units digit of z(-8)?
3
What is the units digit of 4*818/7*14/8?
8
Suppose 0 = -u - 3*a - 9 + 4, 2*a = -5*u + 14. What is the hundreds digit of 49/(-35)*-174 - u/(-10)?
2
Let q be -1 - (-12)/4*41. Suppose 4*s - q = 66. What is the tens digit of s?
4
Let i(f) = 7*f - 1. Let y be i(-3). What is the units digit of 4/(-2)*(-7 + y)?
8
Suppose -q = 5*d - 8, -d - q + 2*q = -4. Suppose d*x - 4*x + 180 = 0. What is the units digit of x?
0
Suppose 5*v + 8*y + 40 = 3*y, 2*v + 8 = 2*y. Suppose 77 = 2*d + 59. What is the units digit of (v/d)/((-2)/90)?
0
Let v = -11 - -15. Suppose 0 = -v*k + 20 - 0. Suppose -31 = -k*w + 124. What is the tens digit of w?
3
Suppose -12*x + 8*x + 4*j = -8932, 8950 = 4*x + 2*j. What is the units digit of x?
6
Let t(u) = -u**3 - 5*u**2 - 4*u - 1. Let z be t(-4). Let v = 4 + z. Suppose -116 = -4*x + 5*h, x + 2*x - 87 = v*h. What is the tens digit of x?
2
Suppose 0 = 2*i - 0 - 2. Suppose -z = -2 - i. Suppose -a = 3*f + f - 84, z*a = -f + 32. What is the units digit of f?
0
Let n(r) = -r**2 - 3*r + 14. Let k(d) = 2*d**2 + 7*d - 29. Let i(v) = 4*k(v) + 7*n(v). What is the tens digit of i(-13)?
6
Let j = -64 - -61. What is the tens digit of (j*7/42)/((-2)/236)?
5
Let q be 10/(-1 + 0 - 120/(-115)). Suppose -826 = -4*j - 3*s, -2*j + 190 = 5*s - q. What is the hundreds digit of j?
2
Let s(k) = -k**3 + 10*k**2 - 10*k + 12. Let n be s(9). Suppose 3*y + y - 11 = n*v, y - 14 = -3*v. What is the units digit of y?
5
Suppose -2*a - 17 = 7. Let f be (-1)/4 - 1023/a. Suppose 2*m - f = -3*q, -52 - 63 = -3*m - 2*q. What is the tens digit of m?
3
Suppose j = 4*x - 7, 3*x + 6 = 2*j + 5*x. What is the hundreds digit of 40/32*j*124?
1
Let y(f) = -f**3 + 6*f**2 + 11*f + 11. Let g = 28 - 21. What is the tens digit of y(g)?
3
Suppose -5*x + 19 = -3*y, -x - 3*y + 21 = 2*x. Let c(o) = -3*o - 30. Let g be c(-11). Suppose -x*u - 49 = -g*q, 0*q + u = q - 13. What is the units digit of q?
8
Suppose -5*n + 1140 = 5*y, -83*n - 1137 = -88*n - 2*y. What is the units digit of n?
7
Suppose 5*v - 5*b - 5820 = 0, 3*v = 4*b - 3*b + 3490. What is the thousands digit of v?
1
Let j be (-1670)/(-15) + 8/12. Suppose 3*w - j = -w. What is the tens digit of w?
2
Let t be -4 + (-1)/((-1)/(-16)). Let g = -5 - t. What is the units digit of g?
5
Let n(w) = -5*w. Let a(l) = l**3 - 5*l**2 - 7*l + 4. Let h be a(6). What is the tens digit of n(h)?
1
What is the hundreds digit of 0 - 1 - (19 + -1661)?
6
What is the units digit of (1 - 5)*((-5755)/20 - 4)?
7
Suppose 12 = -3*t, 0 = 2*m + 3*m + 5*t. Let x be ((-1)/(-2)*0)/m. Suppose -5*q = 2*d - 75 - 36, -5*q + d + 117 = x. What is the units digit of q?
3
Let d = -289 + 683. What is the tens digit of d?
9
Let b(l) = -l**2 - 4*l - 4. Let o be b(-4). Let v(t) = -t - 690 + 693 - t. What is the units digit of v(o)?
1
Suppose p - 26 + 22 = 0, 3*m = -5*p + 863. What is the units digit of m?
1
Suppose x - 5*x + h + 6 = 0, -4*x + 16 = 4*h. Suppose 0 = -3*v + x*u - 102 - 17, -4*v - 2*u = 168. Let i = v + 61. What is the tens digit of i?
2
Let r be 8/((-1)/(1/(-2))). Suppose 111 = r*a - 93. What is the units digit of a?
1
Let p be -1*6/(-10)*(2 - -3). Suppose -432 = 5*o - 7*o - y, 5*o - p*y - 1102 = 0. What is the hundreds digit of o?
2
Let q = -49 - -94. Suppose -5*k = -q + 5. Suppose k*a - 136 - 224 = 0. What is the tens digit of a?
4
Let l(k) = k**2 + 5*k - 15. Let a be 3/(-3)*1 - 20. Let s be 7/a - (-52)/(-6). What is the units digit of l(s)?
1
Suppose 3 - 21 = -3*o. Let p(y) = 2 - 4 + o + y**3 + 4*y + 6*y**2 + 3. What is the tens digit of p(-5)?
1
Let y(t) = -t**3 - 5*t**2 + 10*t - 3. Let k(d) = 17*d**3 + d + 1. Let i be k(-1). Let z = 10 + i. What is the units digit of y(z)?
5
Let u(h) = 209*h - 5. What is the units digit of u(1)?
4
Let a(k) = -12*k**2 + 2*k - 4*k**3 + 6 + 3*k**3 + 9*k - 24. Let v be a(-13). Suppose 28 = 5*z + v. What is the units digit of z?
4
Let b(h) be the first derivative of h**3/3 + 13*h**2/2 + 22*h - 6. What is the tens digit of b(-16)?
7
Suppose 32*x + 3507 = 39*x. Let g = -190 + x. What is the tens digit of g?
1
Let f = 325 - -398. What is the tens digit of f?
2
Let t = 10 + -6. Suppose 5*d = -0*d - 15, t*b - 287 = -3*d. Suppose 7 + b = 3*l. What is the tens digit of l?
2
Let m(p) = p**2 + 7*p - 35. Let d be m(-18). Suppose -f - r + 34 = 0, -4*f + 9*f = 2*r + d. What is the tens digit of f?
3
Let m = -3511 + 5014. What is the units digit of m?
3
Suppose 0 = c + x - 954, 0 = 2*c + c + 5*x - 2856. What is the hundreds digit of c?
9
Suppose -92*f - 2830 = -97*f. What is the hundreds digit of f?
5
Let r be 0/(-2) + (41 - -1). Let x = r + 39. What is the units digit of x?
1
Let o be ((-3)/(-12)*-14)/(2/(-4)). Suppose -o*r + 795 = -297. What is the hundreds digit of r?
1
Suppose -18*y = -11*y - 1526. What is the units digit of y?
8
Suppose 5 = -5*f, 9*j - 4*f - 14 = 4*j. Suppose 4*o - 4*x = 296, -o - j*x - 223 = -4*o. What is the tens digit of o?
7
What is the tens digit of (-134603)/(-164) - 1/((-8)/(-6))?
2
Suppose 0 = -3*u - 2*u. Suppose u = -f - 0*f - 5. Let z(q) = q**3 + 6*q**2 + 2*q - 1. What is the units digit of z(f)?
4
Let z(m) = -m**2 + 23*m + 88. Let c be z(26). Let l(q) = 21*q - 25. What is the tens digit of l(c)?
8
Suppose 0 = 2*g - 4*u + 7*u + 11, 0 = 5*u + 25. Suppose 0 = 3*r - 4*v, 0 = 2*r + 3*v - g*v. What is the tens digit of (-3 - -4) + 21 + r?
2
What is the units digit of (-3)/(-12) - (-10648)/32?
3
Let a = 838 + -456. What is the hundreds digit of a?
3
Suppose 0 = -5*y + 10468 - 1828. What is the tens digit of y?
2
What is the thousands digit of 25/(-15) + 1 - (-7114)/6?
1
Let s(a) = 9*a**2 - 11*a + 12. What is the units digit of s(-6)?
2
Let c = -4 + -15. Let g = 31 + c. What is the units digit of g?
2
Let z(f) = f + 23*f + 22*f + 0 - 5. What is the tens digit of z(2)?
8
Let l(x) = -x**3 + 2*x**3 + 40 - 18 - 18 - 2*x**2 - 12*x. What is the tens digit of l(6)?
7
Let x be -9*(-5)/(15/2). Let a be 23/x + (-2)/(-12). Suppose 0 = 5*u + b - 0*b - 8, -a*u + 12 = -2*b. What is the units digit of u?
2
Let t(k) = -k**2 + 6. Let w be t(-2). Suppose -2*h - 10 = -2*u, -3*h = -4*u + w*h + 21. What is the tens digit of u*5*64/80?
1
Suppose -3*h + 3*c + 83 = -502, 4*h - 3*c = 785. What is the tens digit of h?
0
Suppose t = -t - 2. Let x be (-585)/(-13) - 1/t. Let r = x - 19. What is the tens digit of r?
2
Let k(u) = -4*u + 17. Suppose 2*c = 16 + 2. Suppose -3*z - c = 18. What is the tens digit of k(z)?
5
Suppose -2*i + 14 = -3*h - i, -2*h + 19 = 5*i. What is the tens digit of ((4/(-2))/(-4))/(h/(-1188))?
9
Suppose l + 1 = 2*h - 3, 10 = 2*h - 4*l. Let d = 8 - h. What is the units digit of d?
7
Suppose 8*b + 333 - 1397 = 0. What is the tens digit of b?
3
Let a be (-5 - 4)*(-1)/3. Suppose 3*o + 6 = -a. Let y = 9 + o. What is the units digit of y?
6
Suppose 7143 = 11*l - 3956. What is the tens digit of l?
0
Let o(m) = -m**2 + 4*m + 9. Let u be o(5). Suppose -u*x + 6*x = 86. What is the tens digit of x?
4
Suppose -4*z - c = -3, 4*z + 2 = -3*c + c. Suppose -z*q = -q - 3. Suppose -2*k = b - 83, q*k - 122 = -4*b - 0*b. What is the tens digit of k?
4
Suppose q = -7*f + 5*f + 137, -5*q + 5*f + 745 = 0. What is the hundreds digit of q?
1
Let g(r) = 2*r**2 - 133*r - 20. What is the 